z - 14. What is the tens digit of o(5)?
8
What is the units digit of ((-5)/3)/(13/(-429))?
5
Let v = 89 + 221. What is the hundreds digit of v?
3
Suppose 176 + 476 = 4*k. What is the hundreds digit of k?
1
What is the units digit of (-4)/22 + 155/110*64?
0
Let o be (0 + 2 - 3)*-60. Suppose -3*h + 27 = -n + 8, o = -4*n + 4*h. Let g = n + 18. What is the units digit of g?
5
Let v = 19 + -6. What is the units digit of v?
3
Let n(z) be the third derivative of z**6/720 - z**5/30 + z**4/24 + z**2. Let s(g) be the second derivative of n(g). What is the units digit of s(5)?
1
Let a(g) = 3 - 6*g**2 - 4*g**2 - g**3 + 4*g**2 + 6*g. What is the units digit of a(-7)?
0
Let h(p) = p**2 - 5*p - 1. Let t be h(6). Suppose t*w = -0*w + 60. What is the tens digit of w?
1
Let j(p) = -p**2 + p + 1. Let l(o) = -4*o**2 + 7*o + 5. Let q(g) = -5*j(g) + l(g). Let v be q(-3). What is the tens digit of (-2)/1 + 45/v?
1
Let w be 8/(1*3/24). Suppose 4*r = 152 - w. What is the units digit of r?
2
Let z = -4 - -2. Let n be z/12*-3*16. Suppose x + 3*x - n = 0. What is the units digit of x?
2
Suppose 4*u = -4, 4*u + 0*u + 16 = 4*f. Suppose -b - f*b - 8 = -3*p, 2*b = p - 4. Suppose p = -i + 2 + 11. What is the units digit of i?
3
Suppose -5*f + 3*u + 168 = 0, -3 = u - 2. What is the tens digit of f?
3
Let c(d) = d**2 + 10*d - 12. What is the units digit of c(-13)?
7
Suppose 8*n - 13*n = -685. Suppose 4*l + 5*y - 52 = 46, 5*l = y + n. What is the tens digit of l?
2
Let x be (-1)/(2/(1 + -31)). What is the tens digit of 174/x - (-2)/5?
1
Let j(s) = -s**3 - 4*s**2 - 4*s. Suppose 4*n = -4 - 60. Let c be n/4 + (2 - 1). What is the units digit of j(c)?
3
Suppose 8 = -3*g + 7*g. Suppose -g*b = -3*v - 10, -28 = -3*b + v - 3*v. Suppose -b + 2 = -3*h. What is the units digit of h?
2
Let z be (-1 + 0)*0/(-3). Let s = 5 + z. Let b(y) = y**3 - 6*y**2 + 7*y - 6. What is the units digit of b(s)?
4
Suppose 193 = 4*y - 5*q, -y + 3*q - 232 = -6*y. What is the tens digit of y?
4
Let w(i) = -i + 1. Let n be w(-1). Let l(t) = 5*t - 3. What is the units digit of l(n)?
7
Let w(y) = y + 8. What is the units digit of w(6)?
4
What is the units digit of -4*5/10 + 14?
2
Suppose 47 + 29 = 2*b. What is the units digit of b?
8
Suppose -5*y = -y + 5*u - 47, 4*y - 49 = -3*u. What is the tens digit of y - 0*(-3)/3?
1
Suppose 4*b = -2*q + 74, -2*b = -3*q - q + 158. What is the units digit of q?
9
Let q = 8 - 5. Suppose -6 = q*s - 5*s. What is the units digit of s?
3
Let a(o) = 6*o**2 + o + 6. What is the hundreds digit of a(4)?
1
Suppose 0 = -3*r + 4*l - 35, 0 = 3*r + l - 4*l + 30. Let v(p) = -p**2 - 6*p - 3. What is the units digit of v(r)?
2
Suppose 3*a = 3*h - 6*h - 3, 4*a + 4 = 2*h. Let f(w) = w**2 + 8*w - 5. Let v be f(-9). Suppose h*b = -v*b + 4. What is the units digit of b?
1
Suppose -5*n + 3 = -4*n. Suppose 6 = 2*l, 3*l + n + 4 = 4*z. What is the units digit of z?
4
Suppose 12 = 4*k - 4. Let y be 58/k + 3/(-6). Let p = y - 7. What is the units digit of p?
7
Let s(r) be the first derivative of r**2/2 + 13*r + 1. What is the units digit of s(-9)?
4
Let g(b) = -3*b + 1. Suppose 2*y - y + 1 = 0. Let u be g(y). Suppose m + l + l - 15 = 0, -l + 32 = u*m. What is the units digit of m?
7
Let r(h) = -h**3 - 7*h**2 - 6*h + 2. Let m = -21 - -15. Let x be r(m). Suppose x*g = 32 - 0. What is the tens digit of g?
1
Suppose -p = -3*p + 66. What is the units digit of p?
3
Let o(b) = -b**3 + 7*b**2 - 5*b + 1. Let l be (-6)/4*-2 + 2. What is the tens digit of o(l)?
2
What is the units digit of (-9)/((-36)/464) + -1?
5
Let g(a) = 22*a**2 + a + 2. What is the units digit of g(-1)?
3
Let n(l) = -2*l + 10. Let g be n(-8). Suppose -16 = -4*v + 4*j + 8, 0 = v + 3*j - g. What is the tens digit of v?
1
Let z = -76 - -108. What is the tens digit of z?
3
Let z(k) be the first derivative of -k**4/4 + 2*k**3 + k**2 - 3*k + 3. What is the units digit of z(6)?
9
Suppose -248 = -7*t + 81. What is the tens digit of t?
4
Let c be 3/(-9)*-2*6. Suppose -2*z = -c*z + 70. Suppose -3*w - 2*w = -z. What is the units digit of w?
7
Suppose 4*k - 32 = -t, 2*t = k + k - 26. Suppose -k = -3*h - 0*h. Suppose 3*o + 2*p + h*p = 12, 2*p = 2*o - 24. What is the units digit of o?
9
Let z(w) = w**3 - w**2 - w - 1. Let h(u) = u**3 - 3*u**2 + 2*u + 1. Let n(b) = -h(b) + 2*z(b). What is the units digit of n(-2)?
1
Let r(w) = 2*w**2 - 9*w + 4. What is the units digit of r(8)?
0
Let r be (6/7)/(5/(-35)). Let k = r + 10. Let u = 11 - k. What is the units digit of u?
7
Let c = -11 - -16. What is the tens digit of (4/c)/((-1)/(-55))?
4
Suppose -2*y - y = -6. Suppose 0 = -y*z + z + 18. What is the tens digit of z?
1
Let r(o) = 5*o**2 + o. Suppose 2*q - 5*h = -q + 3, -1 = -q + h. What is the units digit of r(q)?
6
Let k(z) = 3*z - 1. Let d be k(4). Suppose -d*h + 12*h = 11. What is the units digit of h?
1
Let j(a) = -8*a**3 - 2*a**2 + a + 1. Let d be j(-2). Suppose 2*b - d = -3*b. What is the tens digit of b?
1
Suppose 3*a + 2*n + 16 = 7*a, -3*n - 21 = -5*a. Suppose 0 = -4*i + a + 21. What is the units digit of i?
6
Let t(h) = -2 + 2 - 4*h + 2. Let p be t(-3). Suppose p + 2 = 2*d. What is the units digit of d?
8
Suppose -48 = -2*y - 2*r, -3*y + 37 = 2*r - 6*r. What is the units digit of y?
9
Let c = 8 + -5. Let z = 11 - c. What is the units digit of z?
8
Let r(f) = f**2 + 3*f + 1. Let b be (-12)/6*3/2. What is the units digit of r(b)?
1
Let r(a) = 11*a**2 - 2*a + 2. Suppose 2*o = 4*o - 4. Let h be r(o). Suppose b + 45 = 3*g, -2*b + h = 5*g - 44. What is the units digit of g?
6
Let h be 69/(-2) - (-6)/(-4). What is the units digit of (h/16)/(6/(-32))?
2
Let n(h) = 8*h - 19. What is the tens digit of n(6)?
2
Suppose 0 = 3*d + 2*d - 215. What is the tens digit of d?
4
Suppose 4*v = 9*v. Suppose 3*m - 18 = -v*m. What is the units digit of m?
6
Suppose -4*h + 6*h = 10. What is the units digit of h?
5
Let l(y) = y**2 + 4*y - 1. Let z be l(-5). Suppose 2*u - z = -2*u. What is the units digit of u?
1
Let b(i) = 3*i**2 + 4*i - 1. Let k(g) = -g**2 + g - 1. Let x(l) = b(l) + 2*k(l). Let y be x(-6). What is the units digit of 2 + (2 - 6/y)?
6
Let j(d) = -d - 9. Let u be j(-13). Suppose -22 = -u*c + 66. What is the tens digit of c?
2
Let b be 12/(-42) + 40/(-7). Let i = b + 8. Suppose 3*g + 3*r - 12 = -0*g, g - 7 = -i*r. What is the units digit of g?
1
Suppose 0 = t + 3. Let y = t - 4. What is the units digit of y/(-2)*(-1 + 3)?
7
Suppose 25 - 5 = 5*s. Let u = s + 1. What is the units digit of u?
5
Let q = 13 + -10. Suppose -q*j + 29 = -1. What is the units digit of j?
0
Let l(h) = 10 - 2*h**2 - 5 + 3*h**2 + 6*h. Let m be l(-4). Let t(p) = -p + 3. What is the units digit of t(m)?
6
Let f = 17 + 73. What is the units digit of f?
0
Suppose 4*c - k - 15 = 0, 0 = 5*k + 2 + 13. Suppose c*x = 3*u - 18 + 3, 5*u - 3*x = 15. What is the units digit of 1 + 42/(u + 3)?
5
Suppose 0 = -4*w - 17 - 63. What is the tens digit of (-428)/w + (-6)/(-10)?
2
Suppose -4 = -y, 0 = 6*g - 3*g - 5*y - 205. What is the tens digit of g?
7
Let w = -4 - -4. Let s be (w - 5)*(-3)/5. Suppose 3*o - s*r = -2*o + 53, 4*o - 4*r - 36 = 0. What is the tens digit of o?
1
Let q(z) = 4*z - 3. Let y be q(3). Suppose -2 = -2*o - 12, -5*o = 2*t - y. What is the units digit of t?
7
What is the tens digit of (-2 + 3 - 4) + (-5 - -320)?
1
What is the hundreds digit of (-2 - -131) + 6/3?
1
Suppose -124 = -4*w + 2*d + 14, w + 4*d - 48 = 0. What is the units digit of w?
6
Let n = -18 + 33. Suppose 0 = -0*f - 4*f + j + 72, f - j - n = 0. What is the tens digit of f?
1
Let a = -67 - -40. Let p = a + 53. What is the tens digit of p?
2
Let m(i) = i**3 - 10*i**2 + 10*i - 7. Let a be m(9). Suppose -a*x + 3*x - 23 = 0. Suppose -4*s + 71 = x. What is the units digit of s?
2
Let t = 15 - -4. Let c be (-2 - -1)*(8 + 2). Let v = t + c. What is the units digit of v?
9
Let j = 148 + -131. What is the tens digit of j?
1
What is the units digit of (-25 + -14)*1*-1?
9
Let u be -3 - (-1*32 + 1). Let t = 0 + u. What is the units digit of t?
8
Let k(p) = -p - 2. Let c be k(-5). Suppose -3*v + c = 0, -2 + 7 = 5*g - 5*v. Suppose -5*f + 3*f + g = 0. What is the units digit of f?
1
Suppose 2*b - 230 = -3*b - 5*y, -136 = -3*b - y. What is the units digit of b?
5
Let z(p) = p**2 - 5*p + 2. Let j be z(5). Suppose -20 = -j*s - 2*s. Suppose -4*l + 9